{"id":407,"date":"2017-11-03T12:28:58","date_gmt":"2017-11-03T11:28:58","guid":{"rendered":"http:\/\/www.sior.pl\/?page_id=407"},"modified":"2026-01-29T17:44:04","modified_gmt":"2026-01-29T16:44:04","slug":"kontakt","status":"publish","type":"page","link":"https:\/\/www.sior.pl\/?page_id=407","title":{"rendered":"Kontakt ws. szkole\u0144"},"content":{"rendered":"<p style=\"text-align: center;\"><strong>Stowarzyszenie Inspektor\u00f3w Ochrony Radiologicznej<br \/><\/strong><\/p>\n<p style=\"text-align: center;\">ul. Mi\u0142a 21, 60-586 Pozna\u0144<\/p>\n<p style=\"text-align: center;\">REGON: 634341434<br \/>NIP: 778-13-99-407<\/p>\n<p style=\"text-align: center;\">Karolina Cegio\u0142ka <a href=\"http:\/\/tel.+48505805578\">tel. 505 805 578<\/a> <a href=\"mailto:zarzad@sior.pl\">zarzad@sior.pl<\/a><\/p>\n\n\n<p><\/p>\n","protected":false},"excerpt":{"rendered":"<p>Stowarzyszenie Inspektor\u00f3w Ochrony Radiologicznej ul. Mi\u0142a 21, 60-586 Pozna\u0144 REGON: 634341434NIP: 778-13-99-407 Karolina Cegio\u0142ka tel. 505 805 578 zarzad@sior.pl<\/p>\n","protected":false},"author":1,"featured_media":0,"parent":0,"menu_order":0,"comment_status":"closed","ping_status":"closed","template":"","meta":{"footnotes":""},"class_list":["post-407","page","type-page","status-publish","hentry"],"_links":{"self":[{"href":"https:\/\/www.sior.pl\/index.php?rest_route=\/wp\/v2\/pages\/407","targetHints":{"allow":["GET"]}}],"collection":[{"href":"https:\/\/www.sior.pl\/index.php?rest_route=\/wp\/v2\/pages"}],"about":[{"href":"https:\/\/www.sior.pl\/index.php?rest_route=\/wp\/v2\/types\/page"}],"author":[{"embeddable":true,"href":"https:\/\/www.sior.pl\/index.php?rest_route=\/wp\/v2\/users\/1"}],"replies":[{"embeddable":true,"href":"https:\/\/www.sior.pl\/index.php?rest_route=%2Fwp%2Fv2%2Fcomments&post=407"}],"version-history":[{"count":20,"href":"https:\/\/www.sior.pl\/index.php?rest_route=\/wp\/v2\/pages\/407\/revisions"}],"predecessor-version":[{"id":3635,"href":"https:\/\/www.sior.pl\/index.php?rest_route=\/wp\/v2\/pages\/407\/revisions\/3635"}],"wp:attachment":[{"href":"https:\/\/www.sior.pl\/index.php?rest_route=%2Fwp%2Fv2%2Fmedia&parent=407"}],"curies":[{"name":"wp","href":"https:\/\/api.w.org\/{rel}","templated":true}]}}